y.
2, 11
Let j be (-18)/4*2/(-3). Suppose -j*k - 2*k = -15. Suppose -30 + 0 = -k*a. List the prime factors of a.
2, 5
Suppose 2 = -2*b - 2. Let i = b + 5. Suppose -a + 2*a - i = 0. List the prime factors of a.
3
Let l(d) = -33*d**3 - d**2 - d - 1. Let g be l(-1). Let x = -16 + g. What are the prime factors of x?
2
List the prime factors of ((-4)/(-8))/((-2)/(-52)).
13
Let d(l) = -4*l - 20. Let b(h) = -h - 7. Let s(c) = 11*b(c) - 4*d(c). What are the prime factors of s(3)?
2, 3
Suppose 4*f = 2*x - 18, -3*f = 3*x - 6*f - 30. Suppose -3*y = x - 5. What are the prime factors of ((-11)/y)/((-3)/(-6))?
11
Let u = -3 + -1. Let d(g) = g + 4. Let a be d(u). Suppose -k = 3*r - 30, a*r - k = r - 8. What are the prime factors of r?
11
Suppose 10*p - 12*p = -42. List the prime factors of p.
3, 7
Suppose 0 = 3*s - 25 - 8. Suppose 3*y - r - 33 = 0, -4*r = y - 3*r - s. What are the prime factors of y?
11
Let z be 4/10 + (-128)/(-5). Suppose z = 3*s + 4*v, 3*v + 2*v = 25. Suppose 15 = k - s*a, -k - a = -2*a - 12. List the prime factors of k.
3
Let o = 17 + -12. Let s(k) = k**2 + k - 4. List the prime factors of s(o).
2, 13
Let u be 11 + 2/6*0. Let n = u - 18. List the prime factors of (16/14 - 2)*n.
2, 3
Let n(o) = o**2 + 10*o + 18. What are the prime factors of n(-14)?
2, 37
Let k(t) = 91*t - 13. List the prime factors of k(3).
2, 5, 13
Let l = -108 - -186. Suppose -4*x + 58 = -l. Let b = -24 + x. List the prime factors of b.
2, 5
Suppose -19 = 5*v - 49. List the prime factors of v.
2, 3
Suppose 6*v - 29 = -5*t + 3*v, 2*t + v - 12 = 0. Let k(a) be the first derivative of -a**4/4 + 8*a**3/3 - 2*a**2 - 3*a + 1. List the prime factors of k(t).
2, 3
Let k(h) = -h - 5. Let q be k(-7). Suppose 5*j = -q*z + 173, -2*j + 4*z + 79 = 5. Suppose 2*p + t = 19, t + j = 5*p - 16. List the prime factors of p.
2, 5
Let q = 272 + -177. What are the prime factors of q?
5, 19
Let h(d) = d**3 + 12*d**2 - 5*d + 16. What are the prime factors of h(-11)?
2, 3
Let y(w) = -w**2 - 11*w. What are the prime factors of y(-9)?
2, 3
Suppose 0 = -i + 2*i - 4. Let a(p) = -7 - p**2 + 12*p + 2 + 2*p**2 - i*p. List the prime factors of a(-9).
2
Let y(k) = 13*k - 4. List the prime factors of y(5).
61
Let x(h) = 9*h**2 + 11*h + 14. Let y(z) = 14*z**2 + 16*z + 21. Let r(c) = 8*x(c) - 5*y(c). List the prime factors of r(-6).
31
List the prime factors of (124/(-6))/((-14)/84).
2, 31
Let h = -46 + 67. List the prime factors of h.
3, 7
Let d = 165 + -95. List the prime factors of d.
2, 5, 7
Suppose 0 = -0*n - 4*n + 16. Suppose y - 2*j = -0*j + 22, -y - 4*j + 16 = 0. Suppose n*m - y = -0*g - 2*g, 5*m = 5*g + 55. List the prime factors of m.
7
Let a = 4 - 4. Suppose 0 = -s + 5*v - a - 10, 0 = -4*s + 3*v + 28. What are the prime factors of s?
2, 5
List the prime factors of 8/6*(-141)/(-2).
2, 47
Let l = -4 + 41. List the prime factors of l.
37
Suppose -3*u + 3*g + 3 = -0*g, 4*u = 3*g. Let p = -3 - u. Suppose -2*m + 10 = 2*j + 2*m, p = m + 1. What are the prime factors of j?
7
Let s(r) = r**2 + 5*r + 4. Let q be s(-4). Suppose 0 = 4*l - 20, 2 - 1 = -2*j + l. What are the prime factors of q/(-2) + j + 1?
3
Let p = -3 - -20. What are the prime factors of p?
17
Let r = 17 + -7. Suppose r = 4*a + a. List the prime factors of a.
2
List the prime factors of 2 + 0/(-1) + 144.
2, 73
Let h(f) be the first derivative of 3*f**2/2 + 6*f - 5. List the prime factors of h(6).
2, 3
Suppose r = 2*r - 1. Suppose -o = -4 + r. Suppose 2*q - 8 = -m, -o*m + 63 = -4*q + 19. What are the prime factors of m?
2, 3
Let y = -2 - -4. Suppose 3*q + y = -7. What are the prime factors of (2 - -2) + 6/q?
2
Suppose 0 = -4*d + 118 + 82. Suppose -5 = -0*y + y + 4*v, 0 = 5*y + 5*v - d. What are the prime factors of y?
3, 5
Let j be 1 + -1 - (-2 + 2). Let l = j - -4. Suppose 4*f + 5*h - l*h = 56, 0 = f + 5*h - 14. List the prime factors of f.
2, 7
Let c be (-4)/10 - (-27)/5. Suppose x + c*a = -9, -a - a = 4. What are the prime factors of -4*x/(-4)*2?
2
What are the prime factors of 82/3 - (-10)/15?
2, 7
What are the prime factors of 450/40 - (-1)/(-4)?
11
Let q(f) = -46*f**3 + 1. List the prime factors of q(-1).
47
Let n(d) = d + 5. Let f be n(-5). Suppose f = -4*r - 30 - 18. What are the prime factors of (-174)/r - (-2)/(-4)?
2, 7
Suppose 0*a - 4*a - b = -21, b = 3*a - 7. Suppose 2*o + 0*o = -34. What are the prime factors of o*(-2)/(a/2)?
17
Let p = -1 - 3. Let x = 6 + p. Let a = 1 + x. List the prime factors of a.
3
Suppose 120 = 4*f + 3*j - 4*j, 2*f = -2*j + 50. Suppose -1 + f = 2*o. List the prime factors of o.
2, 7
Suppose 2 - 4 = -2*s. Let l = s + 3. List the prime factors of l.
2
Let c(w) = w**2 + 8*w. Let u = -26 - -17. What are the prime factors of c(u)?
3
Let m(z) = -2*z**3 + 23*z**2 - 13*z - 1. Let n(w) = w**3 - 12*w**2 + 7*w. Let k(p) = -3*m(p) - 5*n(p). What are the prime factors of k(9)?
3, 13
Suppose -x - 3*d + 4 = -5*d, 5*d + 8 = 2*x. Suppose -18 - 34 = -x*y. What are the prime factors of y?
13
Suppose 10 = -4*h + 4*v - 2*v, h + 6 = 4*v. Let k be -22*h/((-4)/(-3)). Suppose -u = -4*u + k. What are the prime factors of u?
11
Let r be (-1)/(-2 - -1 - 0). Suppose 0 = -x - r + 4. Suppose -2*s - 3*s + x*d = -16, 2*s - 25 = -5*d. What are the prime factors of s?
5
Suppose -2*s + 3*s - 16 = 0. List the prime factors of (-98)/(-4) - 8/s.
2, 3
Let k = -40 - -29. Let t = k - -3. Let p = t + 21. List the prime factors of p.
13
Suppose 5*t - 2*t = 12. Let l = 15 + -13. Suppose -t*z - 3*y + 36 = -l*y, -z = -2*y. List the prime factors of z.
2
Let n(a) = 2*a + 10. Let l be n(-11). Suppose -3*w - 13 - 2 = 0. Let h = w - l. What are the prime factors of h?
7
Suppose -5*p - m + 326 = 0, 5*m + 69 + 56 = 2*p. List the prime factors of p.
5, 13
Let w(q) = 4*q + 5. What are the prime factors of w(5)?
5
Suppose -2*d = 5*l - 39, 5*d = l + 2 + 163. List the prime factors of d.
2
Let c(q) = -q**3 + 6*q**2 - 4*q + 3. Let y be c(5). Suppose 164 = -y*i + 12*i. List the prime factors of i.
41
Suppose 6*o - 5*o - 2 = 0. Suppose 0*d + o*d = 28. What are the prime factors of d?
2, 7
Let z = -352 + 499. List the prime factors of z.
3, 7
Suppose 0 = -2*u + 4*j - 1 - 13, -u + 28 = 5*j. Suppose 0 = u*z - 2*z - 11. List the prime factors of z.
11
Let a be ((-6)/5)/((-4)/40). Suppose 0 = 3*z - b + 1, -z - 4*b + 3 = a. What are the prime factors of (-1)/(-2)*(z - -11)?
5
Let x be -6*1 + (2 - 2). Let p be (3/x)/((-1)/(-12)). List the prime factors of (-76)/p - 2/3.
2, 3
List the prime factors of 133 - (5 + -2)/3.
2, 3, 11
Let h be (0/2)/(-2 - 0). Let l be 12*(-4)/(-2) + h. Suppose -3*z + 7*z = l. List the prime factors of z.
2, 3
Suppose -7*o + 15 = -2*o. Suppose k = 5*w + 12, 0 = 3*k - 4*w - 55 - o. What are the prime factors of k?
2, 11
Let o be (-3)/2*(-4)/6. Let m(c) = -c + 0 + o + 6. List the prime factors of m(-5).
2, 3
Let d(v) = 6*v**2 + 2 - 2*v + v**3 + 6*v + v. Let c be d(-5). Suppose -25 = -c*x + 6*t - 3*t, -2*x - 5*t = 15. List the prime factors of x.
5
Let a = 12 - 11. List the prime factors of 6/(1/a) + 3.
3
Let z(w) = -w**3 - 7*w**2 + w + 10. Let x be z(-7). Suppose -x = -b + 7. List the prime factors of b.
2, 5
List the prime factors of 2/7*-17*-7.
2, 17
Let d = 1 - 1. Suppose 2*q - 8 = -d*q, 0 = -4*i - 4*q + 24. Let w = i + 5. List the prime factors of w.
7
Let y = -4 + 11. Let t = y + -4. List the prime factors of (t - 1)/(1 - 0).
2
Let w be (0 + -2)*2/(-4). Let q be ((-30)/(-6))/(-1*w). Let g(n) = -n**2 - 6*n. What are the prime factors of g(q)?
5
Let i = -6 - 8. Let f = i + 20. What are the prime factors of f?
2, 3
Suppose 0*g - 4*g + 124 = 0. Let j = g - 19. List the prime factors of j.
2, 3
Suppose 2*b + 5*u = 232, b + 4*u = 124 - 2. List the prime factors of b.
2, 53
List the prime factors of 1718/14 - 1/14*-4.
3, 41
Let o be 1 + 2 + 0/2. Suppose o*n = 15, z + 0*n - 33 = -2*n. List the prime factors of z.
23
Suppose -4*w - 5 = -4*o + 7, 4*w - 13 = -o. What are the prime factors of -2 + o + (13 - -1)?
17
What are the prime factors of -15*(-3 - -1 - -1)?
3, 5
Suppose -2*a - 3*a + 242 = 3*s, -194 = -4*a - 2*s. List the prime factors of a.
7
Let m(z) = -z**2 + 5*z + 2. Let b = -2 - 2. Let a(x) = x**2 + 2*x - 3. Let q be a(b). What are the prime factors of m(q)?
2
Let p(z) = -z - 5. Let m be p(-5). Suppose -5*l + 2*b + 27 = b, m = 5*l - 3*b - 2